 What is f(-3)?
13
Let i(p) = -9*p - 15. Determine i(-4).
21
Let z(o) = 4*o**2 - 2*o + 13. Give z(-4).
85
Let p(b) = b**2 + 1. What is p(-2)?
5
Let g(l) = 6*l**2 - 4*l - 3. Give g(-4).
109
Let z(a) = -14*a + 344. Determine z(24).
8
Let m(o) = -28*o + 3. Calculate m(2).
-53
Let o(v) = v**3 + 1. What is o(3)?
28
Let g(y) = -14*y + 23. Give g(1).
9
Let l(z) = z**3 + 2*z**2 + 5*z + 4. Give l(-3).
-20
Let b(y) = -6*y - 2. What is b(-2)?
10
Let p(t) = t**2 - 2*t - 12. Determine p(-3).
3
Let z(h) = -h**3 + 14*h**2 + 15*h - 14. Calculate z(15).
-14
Let i(p) = -p**3 + 5*p**2 - 3*p - 1. What is i(3)?
8
Let o(j) = -3*j + 38. Give o(10).
8
Let j(k) = -2*k**2 - 17*k - 10. Give j(-7).
11
Let z(u) = u**3 + 7*u**2 + 4*u. Calculate z(-6).
12
Let y(l) = -2*l**2 + 5*l + 2. What is y(4)?
-10
Let c(l) = 10*l + 3. Give c(1).
13
Let g(t) = -3*t**3 + t**2 - 16*t + 15. Determine g(1).
-3
Let o(d) = -d**2 + d + 10. Give o(-6).
-32
Let t(j) = 6*j**2 - 5*j - 4. Determine t(-3).
65
Let q(g) = -4*g**2 + 9*g + 20. Give q(-3).
-43
Let i(g) = -g**2 + 2*g - 2. Determine i(1).
-1
Let y(z) = 3*z - 6. Calculate y(10).
24
Let y(z) = -10*z**2 - 70*z - 5. Calculate y(-7).
-5
Let m(a) = -a**2 - 5*a - 1. What is m(1)?
-7
Let w(f) = -f**3 + 3*f**2 + f + 4. Determine w(4).
-8
Let r(w) = -w**3 - 5*w**2 + 2*w + 3. What is r(-4)?
-21
Let g(s) = -2*s**3 - 4*s**2 + 3*s - 8. What is g(-3)?
1
Let r(t) = -11*t**3 - 2*t**2 - 2*t. Give r(-2).
84
Let v(x) = 5*x + 22. Give v(-5).
-3
Let r(a) = 9*a**2 - a. Give r(1).
8
Let j(z) = 2*z + 2. Calculate j(-1).
0
Let o(p) = p**2 - 4*p + 3. Determine o(2).
-1
Let u(q) = -q**3 - 5*q**2 - 5*q - 8. What is u(-4)?
-4
Let z(g) = -17*g + 71. What is z(7)?
-48
Let b(v) = v**3 + 18*v**2 + 16*v. What is b(-17)?
17
Let b(t) = -35*t + 3. Calculate b(-1).
38
Let h(s) = 3*s + 79. Calculate h(18).
133
Let i(f) = f**2 + 23*f + 67. Give i(-19).
-9
Let w(b) = b**2 + 38*b + 348. Calculate w(-17).
-9
Let z(t) = -2*t**2 + t + 5. Give z(0).
5
Let m(a) = -2*a + 10. Give m(0).
10
Let f(x) = -x + 3. Calculate f(7).
-4
Let y(h) = h**3 + 20*h**2 - 43*h + 38. What is y(-22)?
16
Let p(y) = -y**2 - 44*y - 45. Give p(-43).
-2
Let h(u) = u - 16. Give h(-5).
-21
Let r(a) = 6*a**2 - a + 6. Determine r(3).
57
Let u(h) = 2*h**2 - 27*h + 29. Determine u(1).
4
Let p(f) = 6*f - 106. Calculate p(15).
-16
Let y(m) = 6*m + 13. Give y(4).
37
Let z(n) = n + 12. Calculate z(7).
19
Let n(b) = -b**3 + 4*b**2 - 7*b + 3. Give n(3).
-9
Let d(t) = t**3 + 8*t**2 - 4*t - 31. What is d(-8)?
1
Let k(i) = -i**2 - 5*i + 2. Calculate k(-5).
2
Let u(a) = -15*a + 29. Give u(2).
-1
Let g(l) = -3*l - 25. Calculate g(-6).
-7
Let t(c) = 5*c + 23. What is t(-4)?
3
Let m(i) = -63*i + 373. What is m(6)?
-5
Let u(r) = 2*r**3 + 12*r**2 - 7*r - 42. Determine u(-6).
0
Let j(x) = -4*x**2 + 4. Determine j(4).
-60
Let r(y) = 5*y + 28. What is r(-6)?
-2
Let y(d) = d**2 - d - 3. Give y(3).
3
Let t(f) = -f**2 - 11*f - 7. What is t(-8)?
17
Let a(d) = -2*d + 15. Calculate a(16).
-17
Let n(g) = g**3 - 5*g**2 + 6*g - 4. Give n(4).
4
Let w(c) = 2*c - 108. Determine w(-17).
-142
Let b(s) = -s**2 + 2*s + 15. What is b(7)?
-20
Let k(v) = -75*v + 1. Give k(-1).
76
Let r(c) = -c + 7. Give r(3).
4
Let m(d) = -4*d. Determine m(4).
-16
Let v(u) = u**3 + 17*u**2 + 12*u - 20. Determine v(-16).
44
Let a(k) = k**2 + 4*k + 5. Give a(-3).
2
Let l(b) = -b**3 + b**2 + 19*b - 44. Give l(3).
-5
Let m(o) = -o**2 - 22*o - 99. What is m(-5)?
-14
Let s(t) = -111*t + 656. Give s(6).
-10
Let a(w) = 2*w**2 + w + 1. What is a(-2)?
7
Let j(i) = i**3 + 10*i**2 + 2*i + 15. Calculate j(-10).
-5
Let q(n) = n + 35. What is q(18)?
53
Let f(d) = d**2 - 10*d - 6. Determine f(8).
-22
Let v(l) = 17*l - 1. Give v(-7).
-120
Let k(d) = 2*d**3 + 23*d**2 + 9*d - 16. Give k(-11).
6
Let h(v) = v**3 + 17*v**2 - 57*v + 30. What is h(-20)?
-30
Let r(k) = 3*k - 1. Determine r(2).
5
Let d(k) = -k + 62. What is d(19)?
43
Let u(z) = z**2 - 16*z - 12. Give u(17).
5
Let x(w) = -w**2 + 3*w + 3. What is x(6)?
-15
Let f(z) = 26*z + 4. What is f(0)?
4
Let w(s) = s**3 + 11*s**2 - 12*s - 17. Determine w(-12).
-17
Let y(k) = -k**2 + 10*k - 22. Determine y(8).
-6
Let z(p) = -p**3 - 6*p**2 - 2*p - 20. Determine z(-6).
-8
Let x(y) = -24*y + 139. Determine x(6).
-5
Let k(r) = -r**2 - 11*r + 16. Give k(-12).
4
Let n(k) = k**2 - 19*k + 75. Give n(6).
-3
Let s(r) = -r**3 - 17*r**2 + r + 20. Calculate s(-17).
3
Let y(t) = -6*t - 130. Calculate y(-22).
2
Let o(i) = -i**3 - 10*i**2 + 8*i - 4. Calculate o(-11).
29
Let g(r) = -5*r**3 + 2*r**2 - 1. Determine g(-1).
6
Let t(v) = 2*v**3 - 16*v**2 + 13*v - 2. Give t(7).
-9
Let z(i) = -i**2 - 10*i - 28. What is z(-7)?
-7
Let x(i) = i**2 + 20*i + 23. Determine x(-19).
4
Let a(i) = -i**2 - 6*i + 5. What is a(-7)?
-2
Let h(u) = 8*u**3 - 65*u**2 + 12*u - 25. Calculate h(8).
7
Let y(o) = -o + 49. What is y(12)?
37
Let p(i) = -7*i - 1. Calculate p(-1).
6
Let h(a) = -a**2 + 20. Calculate h(6).
-16
Let s(u) = -u**2 - 4*u + 5. Give s(-7).
-16
Let w(f) = f**3 + 32*f**2 + 88*f + 14. Calculate w(-29).
-15
Let l(a) = -a**2 + a + 18. Give l(-9).
-72
Let r(b) = -b**3 + b - 43. Give r(0).
-43
Let d(b) = -b**3 - 9*b**2 - 4*b + 18. Calculate d(-8).
-14
Let f(n) = -4*n**3 + 5*n**2 + 11*n + 16. Calculate f(-2).
46
Let o(j) = j**3 + 7*j**2 + 3*j + 27. Calculate o(-7).
6
Let z(c) = c**2 + 30*c - 45. Determine z(-31).
-14
Let z(t) = -11*t - 81. Determine z(-8).
7
Let g(w) = w. Give g(7).
7
Let f(x) = -x**2 - 6*x + 18. Calculate f(-5).
23
Let r(y) = 4*y - 34. Calculate r(11).
10
Let f(y) = y + 4. Calculate f(7).
11
Let a(o) = -o - 6. Give a(-2).
-4
Let l(q) = -2*q**2 + 19*q - 10. Calculate l(9).
-1
Let y(g) = -3*g + 15. Determine y(9).
-12
Let s(n) = -9*n - 72. Determine s(-6).
-18
Let s(g) = -2*g + 15. Give s(6).
3
Let y(f) = -f**3 + 6*f**2 + f + 6. Calculate y(5).
36
Let f(j) = j + 21. What is f(-5)?
16
Let k(r) = r**2 + 10*r + 26. What is k(-9)?
17
Let q(p) = 46*p + 2. Calculate q(1).
48
Let a(v) = -2*v**3 + 8*v**2 - 6*v - 9. Determine a(4).
-33
Let u(s) = s**2 - 14. Calculate u(0).
-14
Let n(u) = -u**2 - 5*u + 22. Give n(-9).
-14
Let r(l) = -3*l**3 + 4*l**2 - 7*l - 7. Give r(3).
-73
Let i(u) = -u**2 - 21*u + 154. What is i(-27)?
-8
Let i(w) = 2*w + 3. What is i(-9)?
-15
Let h(l) = -3*l**2 - 4*l - 4. Calculate h(-3).
-19
Let b(v) = 23*v + 1. What is b(1)?
24
Let w(a) = -10*a + 1. What is w(1)?
-9
Let n(x) = x**3 - 4*x**2 + x - 2. What is n(6)?
76
Let k(q) = -3*q + 10. Determine k(-7).
31
Let v(r) = -r**3 - 7*r**2 - 10*r + 1. Determine v(-5).
1
Let u(v) = -56*v**3 + v**2 + v. What is u(-1)?
56
Let g(m) = m + 4. Determine g(-7).
-3
Let r(s) = -5*s + 26. Calculate r(0).
26
Let k(j) = j**2 - j - 2. Determine k(-4).
18
Let v(x) = -x**2 + 72*x + 562. Calculate v(-7).
9
Let q(b) = 17*b - 66. Give q(4).
2
Let n(z) = z + 4. Give n(5).
9
Let q(o) = -o + 14. What is q(0)?
14
Let m(t) = -t**3 + 11*t**2 - 11*t - 1. What is m(10)?
-11
Let d(b) = b**2 + 4*b - 7. What is d(-4)?
-7
Let y(b) = 3*b**2 + 34*b + 3. What is y(-11)?
-8
Let s(o) = -o**3 - o**2 - 2*o - 1. Determine s(2).
-17
Let v(n) = n**3 + 7*n**2 + 6*n - 1. Determine v(-6).
-1
Let u(o) = 7*o - 90. Give u(12).
-6
Let f(b) = 2*b + 12. Calculate f(-3).
6
Let y(w) = 6*w**2 + 3*w + 2. Determine y(-1).
5
Let v(d) = -d**2 + 10*d - 17. Give v(7).
4
Let a(z) = z + 17. Calculate a(0).
17
Let k(x) = 6*x + 107. What is k(-17)?
5
Let a(y) = -y + 10. Give a(0).
10
Let s(y) = -y**3 - 2*y**2 - y + 31. Give s(0).
31
Let t(d) = 10*d + 23. Calculate t(-3).
-7
Let t(c) = -71*c + 510. Give t(7).
13
Let y(h) = -h**3 + 4*h**2 - 4*h + 10. Give y(3).
7
Let y(n) = -n**3 + n**2 + 2. Calculate y(0).
2
Let z(k) = 10*k - 40. Give z(8).
40
Let k(u) = -u**2 - 13*u + 11. Give k(-12).
23
Let i(d) = d**3 - 4*d**2 - 4*d + 5. Determine i(4).
-11
Let w(m) = -m - 10. What is w(6)?
-16
Let k(a) = -a**3 - 6*a**2 + 7. Determine k(-6).
7
Let m(f) = f**3 - 26*f**2 + 48*f - 24. Calculate m(24).
-24
Let c(q) = q + 11. Give c(-12).
-1
Let t(i) = i**2 + 7*i + 4. Give t(-7).
4
Let p(t) = -t**3 + 82*t**2 - 163*t + 243. What is p(80)?
3
Let d(u) = -2*u - 2. Determine d(-10).
18
Let c(v) = -2*v**3 + v. What is c(-1)?
1
Let d(l) = -l**3 + 12*l**2 - 9*l - 17. Determine d(11).
5
Let k(b) = -2*b**3 + 5*b - 1. What is k(2)?
-7
Let x(f) = -f**3 - 2. What is x(-2)?
6
Let g(j) = j**2 - 10*j